{"id":24,"date":"2024-09-21T09:43:48","date_gmt":"2024-09-21T09:43:48","guid":{"rendered":"https:\/\/forenede-fagfolk.no\/?page_id=24"},"modified":"2024-09-21T09:43:48","modified_gmt":"2024-09-21T09:43:48","slug":"hvem-vi-er","status":"publish","type":"page","link":"https:\/\/forenede-fagfolk.no\/index.php\/hvem-vi-er\/","title":{"rendered":"Hvem vi er"},"content":{"rendered":"<p><strong>En strategisk partner for store prosjekter<\/strong><\/p>\n<p>Forenede Fagfolk er bygget p\u00e5 ideen om \u00e5 forene kompetanse og ressurser for \u00e5 levere overlegen st\u00f8tte til v\u00e5re kunder. Vi samarbeider med b\u00e5de nasjonale og internasjonale selskaper, offentlige institusjoner og st\u00f8rre organisasjoner for \u00e5 sikre at alle operasjoner g\u00e5r s\u00f8ml\u00f8st, effektivt og i tr\u00e5d med markedets krav.<\/p>\n<p><strong>V\u00e5r erfaring inkluderer<\/strong>:<\/p>\n<ul>\n<li>Prosjektledelse og r\u00e5dgivning for komplekse statlige kontrakter.<\/li>\n<li>Administrativ st\u00f8tte som hjelper bedrifter \u00e5 m\u00f8te regulatoriske krav.<\/li>\n<li>Ressursh\u00e5ndtering og optimalisering av operativ drift.<\/li>\n<\/ul>\n","protected":false},"excerpt":{"rendered":"<p>En strategisk partner for store prosjekter Forenede Fagfolk er bygget p\u00e5 ideen om \u00e5 forene kompetanse og ressurser for \u00e5 levere overlegen st\u00f8tte til v\u00e5re kunder. Vi samarbeider med b\u00e5de nasjonale og internasjonale selskaper, offentlige institusjoner og st\u00f8rre organisasjoner for \u00e5 sikre at alle operasjoner g\u00e5r s\u00f8ml\u00f8st, effektivt og i tr\u00e5d med markedets krav. V\u00e5r [&hellip;]<\/p>\n","protected":false},"author":1,"featured_media":0,"parent":0,"menu_order":0,"comment_status":"closed","ping_status":"closed","template":"","meta":{"_regular_price":[],"currency_symbol":[],"footnotes":""},"class_list":["post-24","page","type-page","status-publish","hentry"],"post_slider_layout_featured_media_urls":{"thumbnail":"","post_slider_layout_landscape_large":"","post_slider_layout_portrait_large":"","post_slider_layout_square_large":"","post_slider_layout_landscape":"","post_slider_layout_portrait":"","post_slider_layout_square":"","full":""},"yoast_head":"<!-- This site is optimized with the Yoast SEO plugin v23.5 - https:\/\/yoast.com\/wordpress\/plugins\/seo\/ -->\n<title>Hvem vi er - Forenede Fagfolk<\/title>\n<meta name=\"robots\" content=\"index, follow, max-snippet:-1, max-image-preview:large, max-video-preview:-1\" \/>\n<link rel=\"canonical\" href=\"https:\/\/forenede-fagfolk.no\/index.php\/hvem-vi-er\/\" \/>\n<meta property=\"og:locale\" content=\"nb_NO\" \/>\n<meta property=\"og:type\" content=\"article\" \/>\n<meta property=\"og:title\" content=\"Hvem vi er - Forenede Fagfolk\" \/>\n<meta property=\"og:description\" content=\"En strategisk partner for store prosjekter Forenede Fagfolk er bygget p\u00e5 ideen om \u00e5 forene kompetanse og ressurser for \u00e5 levere overlegen st\u00f8tte til v\u00e5re kunder. Vi samarbeider med b\u00e5de nasjonale og internasjonale selskaper, offentlige institusjoner og st\u00f8rre organisasjoner for \u00e5 sikre at alle operasjoner g\u00e5r s\u00f8ml\u00f8st, effektivt og i tr\u00e5d med markedets krav. V\u00e5r [&hellip;]\" \/>\n<meta property=\"og:url\" content=\"https:\/\/forenede-fagfolk.no\/index.php\/hvem-vi-er\/\" \/>\n<meta property=\"og:site_name\" content=\"Forenede Fagfolk\" \/>\n<meta name=\"twitter:card\" content=\"summary_large_image\" \/>\n<meta name=\"twitter:label1\" content=\"Ansl. lesetid\" \/>\n\t<meta name=\"twitter:data1\" content=\"1 minutt\" \/>\n<script type=\"application\/ld+json\" class=\"yoast-schema-graph\">{\"@context\":\"https:\/\/schema.org\",\"@graph\":[{\"@type\":\"WebPage\",\"@id\":\"https:\/\/forenede-fagfolk.no\/index.php\/hvem-vi-er\/\",\"url\":\"https:\/\/forenede-fagfolk.no\/index.php\/hvem-vi-er\/\",\"name\":\"Hvem vi er - Forenede Fagfolk\",\"isPartOf\":{\"@id\":\"https:\/\/forenede-fagfolk.no\/#website\"},\"datePublished\":\"2024-09-21T09:43:48+00:00\",\"dateModified\":\"2024-09-21T09:43:48+00:00\",\"breadcrumb\":{\"@id\":\"https:\/\/forenede-fagfolk.no\/index.php\/hvem-vi-er\/#breadcrumb\"},\"inLanguage\":\"nb-NO\",\"potentialAction\":[{\"@type\":\"ReadAction\",\"target\":[\"https:\/\/forenede-fagfolk.no\/index.php\/hvem-vi-er\/\"]}]},{\"@type\":\"BreadcrumbList\",\"@id\":\"https:\/\/forenede-fagfolk.no\/index.php\/hvem-vi-er\/#breadcrumb\",\"itemListElement\":[{\"@type\":\"ListItem\",\"position\":1,\"name\":\"Hjem\",\"item\":\"https:\/\/forenede-fagfolk.no\/\"},{\"@type\":\"ListItem\",\"position\":2,\"name\":\"Hvem vi er\"}]},{\"@type\":\"WebSite\",\"@id\":\"https:\/\/forenede-fagfolk.no\/#website\",\"url\":\"https:\/\/forenede-fagfolk.no\/\",\"name\":\"Forenede Fagfolk\",\"description\":\"\",\"potentialAction\":[{\"@type\":\"SearchAction\",\"target\":{\"@type\":\"EntryPoint\",\"urlTemplate\":\"https:\/\/forenede-fagfolk.no\/?s={search_term_string}\"},\"query-input\":{\"@type\":\"PropertyValueSpecification\",\"valueRequired\":true,\"valueName\":\"search_term_string\"}}],\"inLanguage\":\"nb-NO\"}]}<\/script>\n<!-- \/ Yoast SEO plugin. -->","yoast_head_json":{"title":"Hvem vi er - Forenede Fagfolk","robots":{"index":"index","follow":"follow","max-snippet":"max-snippet:-1","max-image-preview":"max-image-preview:large","max-video-preview":"max-video-preview:-1"},"canonical":"https:\/\/forenede-fagfolk.no\/index.php\/hvem-vi-er\/","og_locale":"nb_NO","og_type":"article","og_title":"Hvem vi er - Forenede Fagfolk","og_description":"En strategisk partner for store prosjekter Forenede Fagfolk er bygget p\u00e5 ideen om \u00e5 forene kompetanse og ressurser for \u00e5 levere overlegen st\u00f8tte til v\u00e5re kunder. Vi samarbeider med b\u00e5de nasjonale og internasjonale selskaper, offentlige institusjoner og st\u00f8rre organisasjoner for \u00e5 sikre at alle operasjoner g\u00e5r s\u00f8ml\u00f8st, effektivt og i tr\u00e5d med markedets krav. V\u00e5r [&hellip;]","og_url":"https:\/\/forenede-fagfolk.no\/index.php\/hvem-vi-er\/","og_site_name":"Forenede Fagfolk","twitter_card":"summary_large_image","twitter_misc":{"Ansl. lesetid":"1 minutt"},"schema":{"@context":"https:\/\/schema.org","@graph":[{"@type":"WebPage","@id":"https:\/\/forenede-fagfolk.no\/index.php\/hvem-vi-er\/","url":"https:\/\/forenede-fagfolk.no\/index.php\/hvem-vi-er\/","name":"Hvem vi er - Forenede Fagfolk","isPartOf":{"@id":"https:\/\/forenede-fagfolk.no\/#website"},"datePublished":"2024-09-21T09:43:48+00:00","dateModified":"2024-09-21T09:43:48+00:00","breadcrumb":{"@id":"https:\/\/forenede-fagfolk.no\/index.php\/hvem-vi-er\/#breadcrumb"},"inLanguage":"nb-NO","potentialAction":[{"@type":"ReadAction","target":["https:\/\/forenede-fagfolk.no\/index.php\/hvem-vi-er\/"]}]},{"@type":"BreadcrumbList","@id":"https:\/\/forenede-fagfolk.no\/index.php\/hvem-vi-er\/#breadcrumb","itemListElement":[{"@type":"ListItem","position":1,"name":"Hjem","item":"https:\/\/forenede-fagfolk.no\/"},{"@type":"ListItem","position":2,"name":"Hvem vi er"}]},{"@type":"WebSite","@id":"https:\/\/forenede-fagfolk.no\/#website","url":"https:\/\/forenede-fagfolk.no\/","name":"Forenede Fagfolk","description":"","potentialAction":[{"@type":"SearchAction","target":{"@type":"EntryPoint","urlTemplate":"https:\/\/forenede-fagfolk.no\/?s={search_term_string}"},"query-input":{"@type":"PropertyValueSpecification","valueRequired":true,"valueName":"search_term_string"}}],"inLanguage":"nb-NO"}]}},"_links":{"self":[{"href":"https:\/\/forenede-fagfolk.no\/index.php\/wp-json\/wp\/v2\/pages\/24","targetHints":{"allow":["GET"]}}],"collection":[{"href":"https:\/\/forenede-fagfolk.no\/index.php\/wp-json\/wp\/v2\/pages"}],"about":[{"href":"https:\/\/forenede-fagfolk.no\/index.php\/wp-json\/wp\/v2\/types\/page"}],"author":[{"embeddable":true,"href":"https:\/\/forenede-fagfolk.no\/index.php\/wp-json\/wp\/v2\/users\/1"}],"replies":[{"embeddable":true,"href":"https:\/\/forenede-fagfolk.no\/index.php\/wp-json\/wp\/v2\/comments?post=24"}],"version-history":[{"count":3,"href":"https:\/\/forenede-fagfolk.no\/index.php\/wp-json\/wp\/v2\/pages\/24\/revisions"}],"predecessor-version":[{"id":27,"href":"https:\/\/forenede-fagfolk.no\/index.php\/wp-json\/wp\/v2\/pages\/24\/revisions\/27"}],"wp:attachment":[{"href":"https:\/\/forenede-fagfolk.no\/index.php\/wp-json\/wp\/v2\/media?parent=24"}],"curies":[{"name":"wp","href":"https:\/\/api.w.org\/{rel}","templated":true}]}}